(4/o) - n is divided by 19.
18
Let m(d) = d**2 - 4*d - 9 + 0*d**2 - 3. What is the remainder when 17 is divided by m(7)?
8
Suppose 1357 - 1846 = -110*x + 2811. Let f(v) = -v**3 + 3*v**2 + 8*v - 4. Let k be f(5). What is the remainder when x is divided by (-4)/k + 75/7?
8
Suppose -44 = -2*y + 72. Suppose -y - 110 = -7*g. Suppose 3*a - 4*h = -2*a + 346, -2*a + 2*h = -138. What is the remainder when a is divided by g?
22
Let h = -116 + 197. Suppose s = a + 2*s - 21, -5*a + s = -h. Suppose -4*u + 18 = -3*u - 2*r, 2*u - 8 = -3*r. What is the remainder when a is divided by u?
7
Suppose -2*f - 12 = 24. Let y be (15*1)/(f/12). Let g(l) = -l**3 - 11*l**2 - 10*l + 3. What is the remainder when 7 is divided by g(y)?
1
Suppose -241 = -4*i + 2*u + 27, 3*i - 188 = -5*u. Calculate the remainder when 659 is divided by i.
65
Let u be (-152)/(-16) + 3/(-6). Let l(k) = -k + 4*k + 7 - k. Calculate the remainder when l(u) is divided by 9.
7
Let p(l) be the second derivative of l**4/12 + 5*l**3/3 + 9*l**2/2 - 10*l. Calculate the remainder when 40 is divided by p(-10).
4
Let n(k) be the third derivative of k**5/30 + k**4/24 - 2*k**3/3 + 27*k**2. What is the remainder when 5 is divided by n(-2)?
1
Let l(u) = -6*u**3 + 716 - 720 - 4*u**2 + 2*u**3 - u. Calculate the remainder when l(-3) is divided by 18.
17
Let a(t) = 5*t - 1. Suppose 78*y - 90 = 60*y. Calculate the remainder when a(5) is divided by y.
4
Let f = 53 - -11. Suppose -f = -4*u + 2*u. Suppose 3*d - d = u. What is the remainder when 29 is divided by d?
13
Let c(d) = 32*d + 7. Let k(i) = i**3 + i**2 + 3*i + 21. What is the remainder when c(3) is divided by k(0)?
19
Let f be (6*6/9)/(-1). Let m be (-1*1)/(f/60). Let t = -10 + m. What is the remainder when 8 is divided by t?
3
Let x(w) = -2*w - 2 + 3 + w. Let s be x(-2). Suppose n - 29 = s*f + 7, -2*f - 10 = 0. Calculate the remainder when n is divided by 6.
3
Let f be (-131)/(-5) + 3*2/(-30). Let x = f + -20. Calculate the remainder when 21 is divided by x.
3
Suppose -2*z + 119 = -4*k - 5, z = -k + 77. Calculate the remainder when z is divided by 4.
0
What is the remainder when (-1464)/(-52) + 1 + 8/(-52) is divided by 64/11 + (-2)/(-11)?
5
Let a(m) = -m + 2. Let y(t) = 2*t - 8. Let z(x) = 9*a(x) + 2*y(x). Calculate the remainder when 10 is divided by z(-1).
3
Suppose -124 = 2*j - 116, 0 = -4*r - 3*j + 1776. Calculate the remainder when r is divided by 25.
22
What is the remainder when 5 + (229 + -1 - -3) is divided by 79?
78
Suppose 15 = l - 5*h, -l - 5*h = -4*l + 25. Suppose -4*q = -c - 2*q - 3, -2*c - l*q = -21. What is the remainder when 11 is divided by c?
2
Let i = 193 - 143. Let l = 50 + -32. What is the remainder when i is divided by l?
14
Suppose -11*r = -6*r - 5. What is the remainder when 119 is divided by (-30)/16*-4*(r + 1)?
14
Suppose -126 = -5*d + 254. Calculate the remainder when d is divided by 10.
6
Let v = -1 + -1. Calculate the remainder when (16/(-28))/(-2 + (-272)/(-140)) is divided by (1 + -5)*(-3 - v).
2
Let o be 22/(-4) - 6/4. Let n(u) = -u**3 - 7*u**2 - 2*u - 6. Let t be n(o). Calculate the remainder when 13 is divided by (t - 3)/((-1)/(-1)).
3
Let v = -154 - -169. Suppose -3*y + 19 - 4 = 0. Calculate the remainder when v is divided by y.
0
Suppose 0 = 2*s + 10*s - 636. Let v = 46 - 27. Calculate the remainder when s is divided by v.
15
Let u be 1*(4 - 1)*4. Let f(d) = 6*d + 3. Let b(h) = -h. Let g(x) = -24*b(x) - 3*f(x). Calculate the remainder when g(u) is divided by 16.
15
Suppose -26*p = -18*p - 376. What is the remainder when 178 is divided by p?
37
Let h be (-1 + 14 - -3)/2. Suppose g - 7 = h. Let y(o) = -o**3 + 7*o**2 + 8*o + 1. What is the remainder when y(7) is divided by g?
12
Let z be 2 - ((-2 - -3) + 5). Let w = 7 + z. Suppose -r - 16 = -v - w*v, -3*r = 5*v - 20. Calculate the remainder when 9 is divided by v.
1
Let d = -678 + 694. Calculate the remainder when 1518 is divided by d.
14
Let a(t) = 2*t**3 - t**2 + 1. Let o be a(1). What is the remainder when 2*4 - (-2 + o) is divided by (-6)/(-39) - (-1258)/442?
2
Let x be ((-16)/(-10))/(18/(-180)). Let a = 18 + x. What is the remainder when 65 + 2 + a/2 is divided by 24?
20
Suppose -41 - 101 = -2*h. Let n(z) = z + 9. Let a be n(-9). What is the remainder when h is divided by 7 + 11 + a/(-1)?
17
Calculate the remainder when 0*(-5)/(-40) + (0 - -66) is divided by 5.
1
Let w = 219 - 162. Suppose 0 = -n + 21 - 1. Calculate the remainder when w is divided by n.
17
Let f(b) = -b**3 + 17*b**2 + 4. Let r be f(17). Suppose -33 = -r*q + 35. Calculate the remainder when q is divided by 10.
7
Suppose 63*s - 97*s = -476. What is the remainder when 23 is divided by s?
9
Suppose 5*r = -20*q + 15*q + 90, 37 = 4*q - 3*r. Let o(v) = -5*v - 2. What is the remainder when o(-5) is divided by q?
10
Suppose 3*o - 9 = 0, 0 = 11*q - 9*q + 5*o - 681. What is the remainder when q is divided by 14?
11
Calculate the remainder when (-2877)/(-12) - -4 - (-1)/4 is divided by 78.
10
Suppose -2*n - 727 = 4*a + 479, -4*a = -5*n + 1241. What is the remainder when 53 is divided by (9/(-4) - -2)/(4/a)?
15
Let f be (-1)/6*-3*0. Suppose -2*l + 111 - 77 = f. What is the remainder when 40 is divided by l?
6
Suppose 5*s - 218 = -3*m, -6*m = -5*m + 4*s - 82. Calculate the remainder when 190 is divided by m.
58
Let b = 0 - -2. Let m be 12/18 - 35002/33. What is the remainder when m/(-30) + b/3 is divided by 19?
17
Suppose -188*f = -181*f - 140. What is the remainder when f is divided by 11?
9
Suppose 0 = s - 4*j - 8, -2*j = 5*s - 6*j - 8. Suppose s = -12*t + 9*t + 336. Calculate the remainder when t is divided by 19.
17
Let w(c) = -22*c - 248. What is the remainder when 35/1 + 0 - -1 is divided by w(-12)?
4
Suppose -w - 119 = -4*x + 310, 4*x - 423 = -5*w. What is the remainder when x is divided by 10?
7
Calculate the remainder when 677 - -3 - (10 - 3)*1 is divided by 25.
23
Let w(r) = 14*r + 451. Let m(a) = a**3 - 7*a**2 - 7*a - 8. Let o be m(8). Suppose o = 3*g - 20 - 31. Calculate the remainder when w(-30) is divided by g.
14
Let a(s) = s**2 - 2*s + 1. Let y(r) = 2*r - 1. Let n(u) = 7*a(u) + 6*y(u). Let v be n(1). Suppose p = -v + 68. What is the remainder when p is divided by 16?
14
Suppose 0 = -5*z - 6 - 39. What is the remainder when (-108)/z - 2/(-2) is divided by (-2)/5 + (-42)/(-5)?
5
Let w(j) = j**2 + 11*j + 22. Let z be w(-9). Suppose d - 12 = 4*d, 0 = 3*i - z*d - 91. What is the remainder when i is divided by 7?
4
Suppose 394 = 5*s - 2*i + 58, i - 327 = -5*s. Suppose 0 = t + 2*p - s, -2*t - 4*p = -4*t + 124. What is the remainder when t is divided by 22?
20
Suppose 0*j + 212 = 4*j. Let k(n) = -4*n**3 + 19*n**2 - 5*n - 1. Let g be (-21)/12 + 2 + (-30)/(-8). Calculate the remainder when j is divided by k(g).
26
Calculate the remainder when ((-28)/(-6) - 24/(-18)) + 30 is divided by 7.
1
Suppose 5*l = -s + 555, 8*l = 4*l + 3*s + 425. Suppose 0 = -5*a + 3*n + l - 7, n = a - 19. Calculate the remainder when a is divided by 13.
10
Let h be (12/16)/((-6)/(-16)). Let y(x) = 189*x. Let f be y(h). Suppose -4*q = 2*q - f. Calculate the remainder when q is divided by 33.
30
Suppose 0 = -5*u + 236 + 74. What is the remainder when u is divided by 36?
26
Let t = -50 + 79. What is the remainder when t is divided by 18?
11
Let j(z) = -2*z + 15 + 2*z - 3 + 2*z. What is the remainder when 117 is divided by j(6)?
21
Let f(x) = 169*x - 548. What is the remainder when f(7) is divided by 12?
11
Let v(w) = -3*w + 8. Let f be v(-10). Let n = 47 - f. What is the remainder when 23 is divided by n?
5
Let b(n) = -n**3 + 6*n**2 + 25*n - 57. Calculate the remainder when b(7) is divided by 6.
3
Let k(p) = p**2 + 2*p - 24. What is the remainder when k(-11) is divided by 3 + 27 + 12/(-3)?
23
Let c(h) = h + h + 6 - 10. Let n be c(4). Suppose n*q + q = 75. Calculate the remainder when 42 is divided by q.
12
Let f(h) = -3*h**3 + 2*h**2 + 4*h + 2. Let c be 7/(105/10)*-36. What is the remainder when f(-2) is divided by (12/c)/((-1)/18)?
8
Let i = 1515 + -1259. What is the remainder when i is divided by 31?
8
Let a(q) = 4*q + 10. Let i be a(-18). Let k = i + 80. What is the remainder when k is divided by 10?
8
Suppose 2*y - 24 = -4*p, 4*p = -3*y + 49 - 7. What is the remainder when 11 is divided by (1 - (-2)/(-4))/(y/288)?
3
Let n(m) = -m**3 